Calculate the remainder when 4744 is divided by 4737.
7
What is the remainder when 6203626 is divided by 324?
322
What is the remainder when 448 is divided by 254?
194
Calculate the remainder when 365283 is divided by 36526.
23
What is the remainder when 221916 is divided by 104?
84
Calculate the remainder when 4158 is divided by 4073.
85
What is the remainder when 13196 is divided by 308?
260
Calculate the remainder when 388 is divided by 131.
126
Calculate the remainder when 47449 is divided by 11854.
33
Calculate the remainder when 1082 is divided by 92.
70
What is the remainder when 196217 is divided by 27?
8
What is the remainder when 74271 is divided by 442?
15
Calculate the remainder when 4150 is divided by 173.
171
What is the remainder when 7136 is divided by 673?
406
Calculate the remainder when 128040 is divided by 35.
10
What is the remainder when 8423 is divided by 35?
23
Calculate the remainder when 62332 is divided by 47.
10
Calculate the remainder when 18579 is divided by 9248.
83
What is the remainder when 5682 is divided by 2833?
16
What is the remainder when 3647 is divided by 747?
659
What is the remainder when 42816 is divided by 14265?
21
What is the remainder when 892845 is divided by 409?
407
What is the remainder when 807 is divided by 253?
48
What is the remainder when 4981 is divided by 239?
201
What is the remainder when 811 is divided by 29?
28
Calculate the remainder when 106181 is divided by 104.
101
Calculate the remainder when 98493 is divided by 76.
73
What is the remainder when 2013 is divided by 143?
11
Calculate the remainder when 375560 is divided by 27.
17
Calculate the remainder when 6027 is divided by 2007.
6
What is the remainder when 1026846 is divided by 17?
12
What is the remainder when 1534 is divided by 1437?
97
What is the remainder when 5846 is divided by 2451?
944
Calculate the remainder when 429 is divided by 133.
30
Calculate the remainder when 19176 is divided by 20.
16
Calculate the remainder when 3657 is divided by 1824.
9
What is the remainder when 6262 is divided by 261?
259
What is the remainder when 55011 is divided by 982?
19
Calculate the remainder when 48368 is divided by 1384.
1312
Calculate the remainder when 7852 is divided by 14.
12
What is the remainder when 4290 is divided by 123?
108
Calculate the remainder when 41170 is divided by 4.
2
Calculate the remainder when 9596 is divided by 418.
400
Calculate the remainder when 37639 is divided by 147.
7
Calculate the remainder when 2509 is divided by 2501.
8
Calculate the remainder when 20862 is divided by 4.
2
Calculate the remainder when 12665 is divided by 123.
119
Calculate the remainder when 6121 is divided by 368.
233
Calculate the remainder when 45054 is divided by 4500.
54
Calculate the remainder when 7534 is divided by 98.
86
What is the remainder when 937 is divided by 439?
59
What is the remainder when 2285 is divided by 751?
32
What is the remainder when 9652 is divided by 297?
148
What is the remainder when 419303 is divided by 32?
7
What is the remainder when 7933 is divided by 126?
121
Calculate the remainder when 35607 is divided by 7100.
107
What is the remainder when 7936 is divided by 254?
62
What is the remainder when 6772 is divided by 2256?
4
Calculate the remainder when 13269 is divided by 217.
32
What is the remainder when 3046 is divided by 2635?
411
Calculate the remainder when 1600 is divided by 651.
298
Calculate the remainder when 37874 is divided by 1086.
950
Calculate the remainder when 971 is divided by 98.
89
Calculate the remainder when 1215310 is divided by 121530.
10
What is the remainder when 5157 is divided by 1719?
0
What is the remainder when 3625 is divided by 305?
270
Calculate the remainder when 11732 is divided by 13.
6
Calculate the remainder when 328728 is divided by 71.
69
What is the remainder when 25422 is divided by 34?
24
Calculate the remainder when 29194 is divided by 5763.
379
What is the remainder when 185623 is divided by 495?
493
What is the remainder when 9586 is divided by 181?
174
What is the remainder when 1458 is divided by 5?
3
What is the remainder when 42130 is divided by 130?
10
Calculate the remainder when 9271 is divided by 2515.
1726
Calculate the remainder when 256694 is divided by 21.
11
What is the remainder when 3860 is divided by 964?
4
What is the remainder when 2029 is divided by 226?
221
Calculate the remainder when 43977 is divided by 10981.
53
Calculate the remainder when 5093 is divided by 1270.
13
What is the remainder when 125142 is divided by 515?
512
What is the remainder when 2007 is divided by 227?
191
Calculate the remainder when 5922 is divided by 12.
6
Calculate the remainder when 4461 is divided by 309.
135
What is the remainder when 1039064 is divided by 53?
52
What is the remainder when 5090830 is divided by 72?
70
Calculate the remainder when 2238 is divided by 28.
26
Calculate the remainder when 9921 is divided by 2361.
477
What is the remainder when 3953882 is divided by 29?
22
Calculate the remainder when 5371 is divided by 42.
37
Calculate the remainder when 19414 is divided by 2054.
928
What is the remainder when 2708 is divided by 253?
178
What is the remainder when 13390 is divided by 117?
52
Calculate the remainder when 4549 is divided by 87.
25
What is the remainder when 56981 is divided by 3793?
86
Calculate the remainder when 144889 is divided by 828.
817
What is the remainder when 2658 is divided by 86?
78
Calculate the remainder when 2516 is divided by 145.
51
What is the remainder when 44511 is divided by 459?
447
What is the remainder when 209349 is divided by 10?
9
Calculate the remainder when 119065 is divided by 511.
2
What is the remainder when 20254 is divided by 20243?
11
Calculate the remainder when 3952 is divided by 82.
16
What is the remainder when 42039 is divided by 1748?
87
Calculate the remainder when 45695 is divided by 22841.
13
Calculate the remainder when 24539 is divided by 6.
5
Calculate the remainder when 48227 is divided by 20.
7
What is the remainder when 151834 is divided by 75911?
12
What is the remainder when 23201 is divided by 42?
17
Calculate the remainder when 153965 is divided by 21.
14
Calculate the remainder when 10227 is divided by 640.
627
Calculate the remainder when 12350 is divided by 12323.
27
Calculate the remainder when 2007 is divided by 71.
19
What is the remainder when 5541688 is divided by 1349?
1345
Calculate the remainder when 4856 is divided by 2405.
46
Calculate the remainder when 2475 is divided by 175.
25
What is the remainder when 2397 is divided by 89?
83
What is the remainder when 5294 is divided by 801?
488
What is the remainder when 17510 is divided by 836?
790
What is the remainder when 1686126 is divided by 11?
2
Calculate the remainder when 3180670 is divided by 24.
22
What is the remainder when 100604 is divided by 4789?
35
What is the remainder when 496 is divided by 448?
48
What is the remainder when 485 is divided by 472?
13
Calculate the remainder when 13208 is divided by 23.
6
Calculate the remainder when 8044 is divided by 1366.
1214
Calculate the remainder when 170323 is divided by 23.
8
Calculate the remainder when 9357 is divided by 2286.
213
Calculate the remainder when 5450 is divided by 29.
27
Calculate the remainder when 64823 is divided by 47.
10
Calculate the remainder when 27349 is divided by 160.
149
What is the remainder when 16515 is divided by 5435?
210
What is the remainder when 17483 is divided by 2185?
3
What is the remainder when 2077 is divided by 14?
5
Calculate the remainder when 298801 is divided by 44.
41
What is the remainder when 643629 is divided by 181?
174
What is the remainder when 742735 is divided by 247578?
1
What is the remainder when 62963 is divided by 184?
35
Calculate the remainder when 1959 is divided by 1904.
55
Calculate the remainder when 1616030 is divided by 16.
14
What is the remainder when 110494 is divided by 11?
10
What is the remainder when 129810 is divided by 1381?
1377
Calculate the remainder when 501498 is divided by 167.
164
What is the remainder when 148745 is divided by 181?
144
Calculate the remainder when 22013 is divided by 1465.
38
Calculate the remainder when 125770 is divided by 387.
382
What is 